{"id":87,"date":"2015-04-01T15:40:45","date_gmt":"2015-04-01T15:40:45","guid":{"rendered":"http:\/\/dev.sfao.nazuna.heatenin.gs\/?page_id=87"},"modified":"2020-01-22T14:43:11","modified_gmt":"2020-01-22T14:43:11","slug":"epsa","status":"publish","type":"page","link":"https:\/\/www.fipsa.fi\/sfao\/epsa\/","title":{"rendered":"EPSA"},"content":{"rendered":"<p><a href=\"http:\/\/www.epsa-online.org\" rel=\"attachment wp-att-304\"><img decoding=\"async\" loading=\"lazy\" class=\"aligncenter wp-image-304 size-full\" src=\"http:\/\/www.sfao.net\/wordpress\/wp-content\/uploads\/2015\/04\/epsa.jpg\" alt=\"\" width=\"227\" height=\"217\" \/><\/a><\/p>\n<p>&nbsp;<\/p>\n<p>EPSA &#8211; eli European Pharmaceutical Students&#8217; Association &#8211; on Euroopan farmasian opiskelijoiden j\u00e4rjest\u00f6. EPSA edustaa 37 j\u00e4senmaata, joissa on yhteens\u00e4 noin 160 000 j\u00e4sent\u00e4 joka puolella Eurooppaa! Se on ollut olemassa vuodesta 1978 l\u00e4htien, 15. Annual Congressissa Helsingiss\u00e4 EPSA sai nykyisen nimens\u00e4. Suomella on pitk\u00e4t perinteet EPSA:ssa, FiPSA onkin t\u00e4ysj\u00e4senen\u00e4 \u00e4\u00e4nioikeutettu kokouksissa. Jos olet farmasian ainej\u00e4rjest\u00f6n j\u00e4sen (YFK, Fortis tai Ex Tempore), olet automaattisesti my\u00f6s FiPSA:n j\u00e4sen, mink\u00e4 kautta olet my\u00f6s EPSA:n j\u00e4sen. EPSA:n tavoite on edustaa ja tavoittaa Euroopan farmasian opiskelijoita. Sen motto onkin &#8221;Bringing pharmacy, knowledge, and students together&#8221;.<\/p>\n<div id=\"attachment_377\" style=\"width: 310px\" class=\"wp-caption aligncenter\"><a href=\"http:\/\/www.sfao.net\/wordpress\/wp-content\/uploads\/2016\/09\/IMG-20151101-WA00321-e1493139344841.jpg\"><img aria-describedby=\"caption-attachment-377\" decoding=\"async\" loading=\"lazy\" class=\"wp-image-377 size-medium\" src=\"http:\/\/www.sfao.net\/wordpress\/wp-content\/uploads\/2016\/09\/IMG-20151101-WA00321-300x225.jpg\" alt=\"\" width=\"300\" height=\"225\" \/><\/a><p id=\"caption-attachment-377\" class=\"wp-caption-text\">FiPSA:n delegaatio Maltan Autumn Assemblyss\u00e4 2015.<\/p><\/div>\n<p>EPSA ja sen toimikunnat j\u00e4rjest\u00e4v\u00e4t vuodessa useita tapahtumia ymp\u00e4ri Eurooppaa. Tapahtumien tarkoitus on luoda opiskelijoille mahdollisuuksia verkoistoitumiseen, yhteisty\u00f6h\u00f6n ja oppia toisiltaan. Tapahtumissa on my\u00f6s mahdollisuuksia tavata sek\u00e4 farmasian alan ammattilaisia ett\u00e4 muita alan vaikuttajia. Vuotisiin tapahtumiin kuuluvat EPSA Annual Congress (kev\u00e4tkongressi), EPSA Summer University (kes\u00e4kongressi) ja EPSA Autum Assembly (syyskongressi). Lis\u00e4ksi EPSA:n j\u00e4senill\u00e4 on mahdollisuus osallistua lukuisiin koulutuksiin ja trainingeihin paikan p\u00e4\u00e4ll\u00e4 tai verkossa.<\/p>\n<div id=\"attachment_655\" style=\"width: 310px\" class=\"wp-caption aligncenter\"><a href=\"http:\/\/www.sfao.net\/wordpress\/wp-content\/uploads\/2017\/04\/13221697_1069199473148663_7240106642298086320_n.jpg\"><img aria-describedby=\"caption-attachment-655\" decoding=\"async\" loading=\"lazy\" class=\"wp-image-655 size-medium\" src=\"http:\/\/www.sfao.net\/wordpress\/wp-content\/uploads\/2017\/04\/13221697_1069199473148663_7240106642298086320_n-300x200.jpg\" alt=\"\" width=\"300\" height=\"200\" \/><\/a><p id=\"caption-attachment-655\" class=\"wp-caption-text\">EPSA:n Annual Congress 2016 j\u00e4rjestettiin Helsingiss\u00e4. Kuvassa osa j\u00e4rjestelytoimikunnasta ja apureista.<\/p><\/div>\n<p>Liikkuvuus ja eri kulttuurien kokeminen on t\u00e4rke\u00e4\u00e4 EPSA:lle, mink\u00e4 takia vuotuisten kongressien ja koulutuksien lis\u00e4ksi on muitakin projekteja. Twinnet-projektissa kaksi paikallista ainej\u00e4rjest\u00f6\u00e4 vierailevat toistensa luona viikon ajan tutustuen toisen maan kulttuuriin ja farmasian opetukseen. Individual Mobility Program (IMP) tarjoaa opiskelijoille harjoittelupaikkoja kansainv\u00e4lisiss\u00e4 yhti\u00f6iss\u00e4 tai j\u00e4rjest\u00f6iss\u00e4. Lis\u00e4tietoa IMP-harjoitteluvaihto-ohjelmasta l\u00f6yd\u00e4t <a href=\"http:\/\/www.sfao.net\/harjoitteluvaihdot\">t\u00e4\u00e4lt\u00e4<\/a>.<\/p>\n<p>FiPSA tiedottaa j\u00e4senilleen EPSA:n tapahtumista, sill\u00e4 niit\u00e4 ei kannata j\u00e4tt\u00e4\u00e4 v\u00e4list\u00e4!<\/p>\n<p>EPSA:n internet-sivut: <a href=\"http:\/\/www.epsa-online.org\">http:\/\/www.epsa-online.org<\/a><\/p>\n","protected":false},"excerpt":{"rendered":"<p>&nbsp; EPSA &#8211; eli European Pharmaceutical Students&#8217; Association &#8211; on Euroopan farmasian opiskelijoiden j\u00e4rjest\u00f6. EPSA edustaa 37 j\u00e4senmaata, joissa on yhteens\u00e4 noin 160 000 j\u00e4sent\u00e4 joka puolella Eurooppaa! Se on ollut olemassa vuodesta 1978 l\u00e4htien, 15. Annual Congressissa Helsingiss\u00e4 EPSA sai nykyisen nimens\u00e4. Suomella on pitk\u00e4t perinteet EPSA:ssa, FiPSA onkin t\u00e4ysj\u00e4senen\u00e4 \u00e4\u00e4nioikeutettu kokouksissa. Jos olet farmasian ainej\u00e4rjest\u00f6n j\u00e4sen (YFK, Fortis<\/p>\n<p><a class=\"more-link\" href=\"https:\/\/www.fipsa.fi\/sfao\/epsa\/\">Read More<\/a><\/p>\n","protected":false},"author":3,"featured_media":0,"parent":0,"menu_order":50,"comment_status":"closed","ping_status":"closed","template":"","meta":[],"_links":{"self":[{"href":"https:\/\/www.fipsa.fi\/sfao\/wp-json\/wp\/v2\/pages\/87"}],"collection":[{"href":"https:\/\/www.fipsa.fi\/sfao\/wp-json\/wp\/v2\/pages"}],"about":[{"href":"https:\/\/www.fipsa.fi\/sfao\/wp-json\/wp\/v2\/types\/page"}],"author":[{"embeddable":true,"href":"https:\/\/www.fipsa.fi\/sfao\/wp-json\/wp\/v2\/users\/3"}],"replies":[{"embeddable":true,"href":"https:\/\/www.fipsa.fi\/sfao\/wp-json\/wp\/v2\/comments?post=87"}],"version-history":[{"count":1,"href":"https:\/\/www.fipsa.fi\/sfao\/wp-json\/wp\/v2\/pages\/87\/revisions"}],"predecessor-version":[{"id":1199,"href":"https:\/\/www.fipsa.fi\/sfao\/wp-json\/wp\/v2\/pages\/87\/revisions\/1199"}],"wp:attachment":[{"href":"https:\/\/www.fipsa.fi\/sfao\/wp-json\/wp\/v2\/media?parent=87"}],"curies":[{"name":"wp","href":"https:\/\/api.w.org\/{rel}","templated":true}]}}