{"id":763,"date":"2017-07-30T21:28:05","date_gmt":"2017-07-30T19:28:05","guid":{"rendered":"http:\/\/www.sfao.net\/?page_id=763"},"modified":"2017-07-30T21:28:05","modified_gmt":"2017-07-30T19:28:05","slug":"farmasian-opiskelijoiden-risteily","status":"publish","type":"page","link":"https:\/\/www.fipsa.fi\/sfao\/farmasian-opiskelijoiden-risteily\/","title":{"rendered":"Farmasian opiskelijoiden risteily"},"content":{"rendered":"<p>Farmasian opiskelijat l\u00e4htev\u00e4t risteilem\u00e4\u00e4n kohti Tallinnaa sunnuntaina 15.10. juhliakseen kaikkia Suomen farmasian opiskelijoita! Laiva l\u00e4htee Helsingin L\u00e4nsiterminaalista kello 18.30 ja palaa takaisin maanantaina 16.10. kello 16.00. Vaikka irtoamme laiturista vasta klo 18.30, huomaathan ett\u00e4 p\u00e4iv\u00e4llisbuffet tarjoillaan jo 17.30 alkaen. Tallinnassa meill\u00e4 on aikaa k\u00e4yd\u00e4 maissa, sill\u00e4 laiva l\u00e4htee maanantaina vasta klo 12.30 kohti Helsinki\u00e4. <\/p>\n<p>\nRisteilyll\u00e4 on tarjolla kolmen luokan hyttej\u00e4 ja hytit ovat nelj\u00e4lle henkil\u00f6lle. Hinnat sis\u00e4lt\u00e4v\u00e4t upeat haalarimerkit koko hyttiseurueelle! Ei-j\u00e4senten osallistumismaksuun lis\u00e4t\u00e4\u00e4n 5 euroa. Hyttien hinnat ovat seuraavat: <\/p>\n<p>\nA-hytti 60 \u20ac<br \/>\nB-hytti 50 \u20ac<br \/>\nC-hytti 40 \u20ac<\/p>\n<p>\nKaikki risteilj\u00e4t valitsevat v\u00e4hint\u00e4\u00e4n yhden buffetaterian risteilylle. Onko valintasi juhlallinen p\u00e4iv\u00e4llisbuffet rajoittamattomine viini- ja kaljatarjoiluineen, aamiaisbuffet rankan y\u00f6n j\u00e4lkeen vai elegantti lounasbuffet Tallinnassa vierailun j\u00e4lkeen? Buffetaterioiden hinnat ovat seuraavat:<\/p>\n<p>\nP\u00e4iv\u00e4llisbuffet 33 \u20ac sunnuntaina 17:30-<br \/>\nAamiaisbuffet 10,50 \u20ac maanantaina 7:00-<br \/>\nLounasbuffet 25 \u20ac maanantaina 14:15-<\/p>\n<p>\nRisteilyll\u00e4 tulee olemaan teema, josta informoidaan my\u00f6hemmin. Varma nakki on laittaa haalarit jalkaan! Kuopiosta matkaaville on tarjolla bussikuljetus kongressiin ja risteilylle. Samalla ilmoittautumislomakkeella pit\u00e4\u00e4 ilmoittaa koko hyttiseurue ja osallistuminen FiPSA-kongressiin. Lis\u00e4tietoa kongressista l\u00f6yd\u00e4t FiPSAn kotisivuilta. <\/p>\n<p>\nK\u00e4y klikkaamassa itsesi kohta julkaistaviin tapahtumaan my\u00f6s Facebookissa, jotta saat ajankohtaista tietoa tapahtumista!<\/p>\n","protected":false},"excerpt":{"rendered":"<p>Farmasian opiskelijat l\u00e4htev\u00e4t risteilem\u00e4\u00e4n kohti Tallinnaa sunnuntaina 15.10. juhliakseen kaikkia Suomen farmasian opiskelijoita! Laiva l\u00e4htee Helsingin L\u00e4nsiterminaalista kello 18.30 ja palaa takaisin maanantaina 16.10. kello 16.00. Vaikka irtoamme laiturista vasta klo 18.30, huomaathan ett\u00e4 p\u00e4iv\u00e4llisbuffet tarjoillaan jo 17.30 alkaen. Tallinnassa meill\u00e4 on aikaa k\u00e4yd\u00e4 maissa, sill\u00e4 laiva l\u00e4htee maanantaina vasta klo 12.30 kohti Helsinki\u00e4. Risteilyll\u00e4 on tarjolla kolmen luokan hyttej\u00e4<\/p>\n<p><a class=\"more-link\" href=\"https:\/\/www.fipsa.fi\/sfao\/farmasian-opiskelijoiden-risteily\/\">Read More<\/a><\/p>\n","protected":false},"author":3,"featured_media":0,"parent":0,"menu_order":0,"comment_status":"closed","ping_status":"closed","template":"","meta":[],"_links":{"self":[{"href":"https:\/\/www.fipsa.fi\/sfao\/wp-json\/wp\/v2\/pages\/763"}],"collection":[{"href":"https:\/\/www.fipsa.fi\/sfao\/wp-json\/wp\/v2\/pages"}],"about":[{"href":"https:\/\/www.fipsa.fi\/sfao\/wp-json\/wp\/v2\/types\/page"}],"author":[{"embeddable":true,"href":"https:\/\/www.fipsa.fi\/sfao\/wp-json\/wp\/v2\/users\/3"}],"replies":[{"embeddable":true,"href":"https:\/\/www.fipsa.fi\/sfao\/wp-json\/wp\/v2\/comments?post=763"}],"version-history":[{"count":0,"href":"https:\/\/www.fipsa.fi\/sfao\/wp-json\/wp\/v2\/pages\/763\/revisions"}],"wp:attachment":[{"href":"https:\/\/www.fipsa.fi\/sfao\/wp-json\/wp\/v2\/media?parent=763"}],"curies":[{"name":"wp","href":"https:\/\/api.w.org\/{rel}","templated":true}]}}